{"id":114,"date":"2018-12-06T16:42:47","date_gmt":"2018-12-06T04:42:47","guid":{"rendered":"http:\/\/sophiegraille.net\/?page_id=114"},"modified":"2021-10-02T18:44:16","modified_gmt":"2021-10-02T21:44:16","slug":"oeuvres","status":"publish","type":"page","link":"https:\/\/sophiegraille.net\/index.php\/oeuvres\/","title":{"rendered":"Travail personnel"},"content":{"rendered":"\n<p class=\"has-text-color\" style=\"color:#da1111\">D\u00e9marche artistique :<\/p>\n\n\n\n<p class=\"has-text-align-left\"><strong>D\u00e9marche de 2017 \u00e0 2020\u00a0: Vit et travaille \u00e0 Wallis (Pacifique)<\/strong><\/p>\n\n\n\n<p>Le dessin et la peinture sont associ\u00e9s sur le m\u00eame support. La photographie existe \u00e0 part enti\u00e8re. Ils se font \u00e9chos.<\/p>\n\n\n\n<p><strong>Dessin, Peinture <\/strong>:&nbsp; Un int\u00e9r\u00eat pour les paysages des grands espaces et des jardins : la force, la fragilit\u00e9, l\u2019intemporel, le myst\u00e8re, la s\u00e9curit\u00e9, le calme, l\u2019intime.<br>Un travail r\u00e9current du graphisme par son empreinte. Cette empreinte est l\u2019essentiel de l\u2019\u00e9motion et la base du dessin. Elle rythme le geste et le graphisme.<br>Le travail en petit format est volontaire : il rend intime le dessin de par ses petits d\u00e9tails, car l\u2019empreinte r\u00e9v\u00e8le diff\u00e9rents chemins \u00e0 emprunter \u00e0 travers la repr\u00e9sentation du paysage tendant \u00e0 s&rsquo;\u00e9loigner de la figuration.<\/p>\n\n\n\n<p><strong>Photographie<\/strong> : Elle est mise en avant comme \u00e9tant le moyen d\u2019expression spontan\u00e9 pour capturer l\u2019instant, la couleur, la lumi\u00e8re des paysages, des grands espaces qui font voyager la pens\u00e9e, la r\u00e9flexion, l\u2019\u00e9vasion.<br>Les photos se distinguent par la texture des supports de papiers divers, pouvant compromettre un \u00ab&nbsp;accident&nbsp;\u00bb, qui finalement n\u2019en sera pas un. D\u00e8s lors que la photo est \u00e9dit\u00e9e sur son support, le rendu plastique bascule du c\u00f4t\u00e9 de la peinture pour laisser place \u00e0 une image intemporelle, une image m\u00e9ditative, un d\u00e9cor du temps.<\/p>\n\n\n\n<p><br><\/p>\n\n\n\n<p class=\"has-text-align-left\"><strong>D\u00e9marche\u00a0de 2008 \u00e0 2016\u00a0: vit et travaille en Guyane<\/strong><\/p>\n\n\n\n<p class=\"has-text-align-left\">Un travail artistique autour de l\u2019environnement quotidien&nbsp;: sc\u00e8nes de vie et paysages de nature.<br>Un travail in situ sur le camp de la transportation de Saint Laurent du Maroni autour de l\u2019enferment et de l\u2019empreinte du pass\u00e9.<\/p>\n\n\n\n<p class=\"has-text-align-left\"><strong>Peinture photographique &#8211; \u00e9criture<\/strong> : Les modes d\u2019expressions sont la peinture photographique et l\u2019\u00e9criture. Le cadrage des photos emprunte assez souvent au cin\u00e9ma, plongeant le regardant dans un espace sc\u00e9nique. Le support est remis en cause. Durant ces ann\u00e9es, les recherches plastiques ont \u00e9t\u00e9 diversifi\u00e9es, ce qui a r\u00e9sult\u00e9 d\u2019une cr\u00e9ation polymorphe.<\/p>\n\n\n\n<p><br><\/p>\n","protected":false},"excerpt":{"rendered":"<p>D\u00e9marche artistique : D\u00e9marche de 2017 \u00e0 2020\u00a0: Vit et travaille \u00e0 Wallis (Pacifique) Le dessin et la peinture sont associ\u00e9s sur le m\u00eame support. La photographie existe \u00e0 part enti\u00e8re. Ils se font \u00e9chos. Dessin, Peinture :&nbsp; Un int\u00e9r\u00eat pour les paysages des grands espaces et des jardins : la force, la fragilit\u00e9, l\u2019intemporel, [&hellip;]<\/p>\n","protected":false},"author":1,"featured_media":0,"parent":0,"menu_order":0,"comment_status":"closed","ping_status":"closed","template":"page-templates\/template-full-width.php","meta":[],"_links":{"self":[{"href":"https:\/\/sophiegraille.net\/index.php\/wp-json\/wp\/v2\/pages\/114"}],"collection":[{"href":"https:\/\/sophiegraille.net\/index.php\/wp-json\/wp\/v2\/pages"}],"about":[{"href":"https:\/\/sophiegraille.net\/index.php\/wp-json\/wp\/v2\/types\/page"}],"author":[{"embeddable":true,"href":"https:\/\/sophiegraille.net\/index.php\/wp-json\/wp\/v2\/users\/1"}],"replies":[{"embeddable":true,"href":"https:\/\/sophiegraille.net\/index.php\/wp-json\/wp\/v2\/comments?post=114"}],"version-history":[{"count":34,"href":"https:\/\/sophiegraille.net\/index.php\/wp-json\/wp\/v2\/pages\/114\/revisions"}],"predecessor-version":[{"id":1187,"href":"https:\/\/sophiegraille.net\/index.php\/wp-json\/wp\/v2\/pages\/114\/revisions\/1187"}],"wp:attachment":[{"href":"https:\/\/sophiegraille.net\/index.php\/wp-json\/wp\/v2\/media?parent=114"}],"curies":[{"name":"wp","href":"https:\/\/api.w.org\/{rel}","templated":true}]}}

<p class="has-text-color" style="color:#da1111">Démarche artistique :</p>



<p class="has-text-align-left"><strong>Démarche de 2017 à 2020 : Vit et travaille à Wallis (Pacifique)</strong></p>



<p>Le dessin et la peinture sont associés sur le même support. La photographie existe à part entière. Ils se font échos.</p>



<p><strong>Dessin, Peinture </strong>:&nbsp; Un intérêt pour les paysages des grands espaces et des jardins : la force, la fragilité, l’intemporel, le mystère, la sécurité, le calme, l’intime.<br>Un travail récurrent du graphisme par son empreinte. Cette empreinte est l’essentiel de l’émotion et la base du dessin. Elle rythme le geste et le graphisme.<br>Le travail en petit format est volontaire : il rend intime le dessin de par ses petits détails, car l’empreinte révèle différents chemins à emprunter à travers la représentation du paysage tendant à s&rsquo;éloigner de la figuration.</p>



<p><strong>Photographie</strong> : Elle est mise en avant comme étant le moyen d’expression spontané pour capturer l’instant, la couleur, la lumière des paysages, des grands espaces qui font voyager la pensée, la réflexion, l’évasion.<br>Les photos se distinguent par la texture des supports de papiers divers, pouvant compromettre un «&nbsp;accident&nbsp;», qui finalement n’en sera pas un. Dès lors que la photo est éditée sur son support, le rendu plastique bascule du côté de la peinture pour laisser place à une image intemporelle, une image méditative, un décor du temps.</p>



<p><br></p>



<p class="has-text-align-left"><strong>Démarche de 2008 à 2016 : vit et travaille en Guyane</strong></p>



<p class="has-text-align-left">Un travail artistique autour de l’environnement quotidien&nbsp;: scènes de vie et paysages de nature.<br>Un travail in situ sur le camp de la transportation de Saint Laurent du Maroni autour de l’enferment et de l’empreinte du passé.</p>



<p class="has-text-align-left"><strong>Peinture photographique &#8211; écriture</strong> : Les modes d’expressions sont la peinture photographique et l’écriture. Le cadrage des photos emprunte assez souvent au cinéma, plongeant le regardant dans un espace scénique. Le support est remis en cause. Durant ces années, les recherches plastiques ont été diversifiées, ce qui a résulté d’une création polymorphe.</p>



<p><br></p>

<p>Démarche artistique : Démarche de 2017 à 2020 : Vit et travaille à Wallis (Pacifique) Le dessin et la peinture sont associés sur le même support. La photographie existe à part entière. Ils se font échos. Dessin, Peinture :&nbsp; Un intérêt pour les paysages des grands espaces et des jardins : la force, la fragilité, l’intemporel, [&hellip;]</p>
