{"id":46,"date":"2018-12-05T18:15:11","date_gmt":"2018-12-05T06:15:11","guid":{"rendered":"http:\/\/sophiegraille.net\/?page_id=46"},"modified":"2025-05-01T18:24:00","modified_gmt":"2025-05-01T21:24:00","slug":"chronologie","status":"publish","type":"page","link":"https:\/\/sophiegraille.net\/index.php\/chronologie\/","title":{"rendered":"Portrait"},"content":{"rendered":"\n<figure class=\"wp-block-image size-full\"><img loading=\"lazy\" width=\"567\" height=\"394\" src=\"http:\/\/sophiegraille.net\/wp-content\/uploads\/2021\/10\/image.jpeg\" alt=\"\" class=\"wp-image-1181\" srcset=\"https:\/\/sophiegraille.net\/wp-content\/uploads\/2021\/10\/image.jpeg 567w, https:\/\/sophiegraille.net\/wp-content\/uploads\/2021\/10\/image-300x208.jpeg 300w\" sizes=\"(max-width: 567px) 100vw, 567px\" \/><\/figure>\n\n\n\n<p><strong>SOPHIE GRAILLE<\/strong><br>N\u00e9e le 27 novembre 1967 \u00e0 Choisy le Roi<br>Vit et travaille \u00e0 Poindimi\u00e9 en Nouvelle Cal\u00e9donie<br><br><strong>1985 \u2013 88<\/strong><br>Beaux Arts \u2013 \u00e9cole de N\u00eemes<br>\u00c9tudie avec les artistes du groupe Support-Surface : Claude Vialat, Patrick Saytour, Vincent Bioul\u00e8s, Tjeerd Alkema et Herv\u00e9 Di Rosa.<br>Dipl\u00f4me National d\u2019Arts Plastiques (DNAP).<br><\/p>\n\n\n\n<p><strong>1989<\/strong><br>Beaux Arts \u2013 \u00e9cole de Dijon<br>Rencontre avec Orlan.<\/p>\n\n\n\n<p><strong>2010<\/strong><\/p>\n\n\n\n<figure class=\"wp-block-image is-resized\"><img loading=\"lazy\" src=\"http:\/\/sophiegraille.net\/wp-content\/uploads\/2018\/12\/expocase4.jpg\" alt=\"\" class=\"wp-image-103\" width=\"200\" height=\"282\" srcset=\"https:\/\/sophiegraille.net\/wp-content\/uploads\/2018\/12\/expocase4.jpg 250w, https:\/\/sophiegraille.net\/wp-content\/uploads\/2018\/12\/expocase4-212x300.jpg 212w\" sizes=\"(max-width: 200px) 100vw, 200px\" \/><\/figure>\n\n\n\n<p>\u00ab&nbsp;Tout \u00e0 l\u2019heure : maintenant&nbsp;\u00bb<br>Projection de \u00ab&nbsp;Emotion-elle&nbsp;\u00bb<br>Exposition case 4 &#8211; Camp de la transportation &#8211; Saint Laurent du Maroni.<br><\/p>\n\n\n\n<p><strong>2011<\/strong><\/p>\n\n\n\n<figure class=\"wp-block-image is-resized\"><img loading=\"lazy\" src=\"http:\/\/sophiegraille.net\/wp-content\/uploads\/2018\/12\/matricules.jpg\" alt=\"\" class=\"wp-image-108\" width=\"200\" height=\"282\" srcset=\"https:\/\/sophiegraille.net\/wp-content\/uploads\/2018\/12\/matricules.jpg 595w, https:\/\/sophiegraille.net\/wp-content\/uploads\/2018\/12\/matricules-212x300.jpg 212w\" sizes=\"(max-width: 200px) 100vw, 200px\" \/><\/figure>\n\n\n\n<p>\u00ab&nbsp;Matricules&nbsp;\u00bb<br>Projection de \u00ab&nbsp;Matricules in situ&nbsp;\u00bb et de \u00ab&nbsp;Un jour\u2026&nbsp;\u00bb<br>Exposition dans la salle de la rel\u00e9gation collective &#8211; Camp de la Transportation &#8211; Saint Laurent du Maroni.<br><\/p>\n\n\n\n<p><strong>2012<\/strong><\/p>\n\n\n\n<figure class=\"wp-block-image is-resized\"><img loading=\"lazy\" src=\"http:\/\/sophiegraille.net\/wp-content\/uploads\/2018\/12\/ExpoFortDiamant.jpg\" alt=\"\" class=\"wp-image-146\" width=\"200\" height=\"270\" srcset=\"https:\/\/sophiegraille.net\/wp-content\/uploads\/2018\/12\/ExpoFortDiamant.jpg 557w, https:\/\/sophiegraille.net\/wp-content\/uploads\/2018\/12\/ExpoFortDiamant-221x300.jpg 221w\" sizes=\"(max-width: 200px) 100vw, 200px\" \/><\/figure>\n\n\n\n<p>\u00ab&nbsp;Mythologies ordinaires&nbsp;\u00bb<br>Exposition collective avec Guillaume Legal et Jean-Marc Moreau<br>Fort Diamant &#8211; R\u00e9mire-Montjoly.<\/p>\n\n\n\n<p><strong>2013<\/strong><br><\/p>\n\n\n\n<figure class=\"wp-block-image is-resized\"><img loading=\"lazy\" src=\"http:\/\/sophiegraille.net\/wp-content\/uploads\/2018\/12\/afficheholi.jpg\" alt=\"\" class=\"wp-image-102\" width=\"200\" height=\"283\" srcset=\"https:\/\/sophiegraille.net\/wp-content\/uploads\/2018\/12\/afficheholi.jpg 595w, https:\/\/sophiegraille.net\/wp-content\/uploads\/2018\/12\/afficheholi-212x300.jpg 212w\" sizes=\"(max-width: 200px) 100vw, 200px\" \/><\/figure>\n\n\n\n<p>\u00ab&nbsp;Holi&nbsp;\u00bb<br>Exposition dans la salle de la rel\u00e9gation collective &#8211; Camp de la Transportation &#8211; Saint Laurent du Maroni.<\/p>\n\n\n\n<p><strong>2014<\/strong><br><\/p>\n\n\n\n<figure class=\"wp-block-image is-resized\"><img loading=\"lazy\" src=\"http:\/\/sophiegraille.net\/wp-content\/uploads\/2018\/12\/foretcorresp.jpg\" alt=\"\" class=\"wp-image-150\" width=\"200\" height=\"266\" srcset=\"https:\/\/sophiegraille.net\/wp-content\/uploads\/2018\/12\/foretcorresp.jpg 336w, https:\/\/sophiegraille.net\/wp-content\/uploads\/2018\/12\/foretcorresp-225x300.jpg 225w\" sizes=\"(max-width: 200px) 100vw, 200px\" \/><\/figure>\n\n\n\n<p>\u00ab Amazonia \u00bb<br>Exposition \u00e0 La go\u00e9lette &#8211; Village Balat\u00e9 &#8211; Saint Laurent du Maroni.<\/p>\n\n\n\n<p><strong>2017<\/strong> \u00e0 <strong>2020<\/strong><br>S\u00e9jour de 4 ans sur l&rsquo;\u00eele de Wallis<br>Travail photos autour de l&rsquo;infiniment bleu et r\u00e9alisation d&#8217;empreintes<\/p>\n\n\n\n<p><strong>2020<\/strong><br>Exposition \u00e0 Kyoto, Japon &#8211; annul\u00e9e (Covid 19)<\/p>\n\n\n\n<p><\/p>\n","protected":false},"excerpt":{"rendered":"<p>SOPHIE GRAILLEN\u00e9e le 27 novembre 1967 \u00e0 Choisy le RoiVit et travaille \u00e0 Poindimi\u00e9 en Nouvelle Cal\u00e9donie 1985 \u2013 88Beaux Arts \u2013 \u00e9cole de N\u00eemes\u00c9tudie avec les artistes du groupe Support-Surface : Claude Vialat, Patrick Saytour, Vincent Bioul\u00e8s, Tjeerd Alkema et Herv\u00e9 Di Rosa.Dipl\u00f4me National d\u2019Arts Plastiques (DNAP). 1989Beaux Arts \u2013 \u00e9cole de DijonRencontre avec [&hellip;]<\/p>\n","protected":false},"author":1,"featured_media":0,"parent":0,"menu_order":0,"comment_status":"closed","ping_status":"closed","template":"page-templates\/template-full-width.php","meta":[],"_links":{"self":[{"href":"https:\/\/sophiegraille.net\/index.php\/wp-json\/wp\/v2\/pages\/46"}],"collection":[{"href":"https:\/\/sophiegraille.net\/index.php\/wp-json\/wp\/v2\/pages"}],"about":[{"href":"https:\/\/sophiegraille.net\/index.php\/wp-json\/wp\/v2\/types\/page"}],"author":[{"embeddable":true,"href":"https:\/\/sophiegraille.net\/index.php\/wp-json\/wp\/v2\/users\/1"}],"replies":[{"embeddable":true,"href":"https:\/\/sophiegraille.net\/index.php\/wp-json\/wp\/v2\/comments?post=46"}],"version-history":[{"count":21,"href":"https:\/\/sophiegraille.net\/index.php\/wp-json\/wp\/v2\/pages\/46\/revisions"}],"predecessor-version":[{"id":1266,"href":"https:\/\/sophiegraille.net\/index.php\/wp-json\/wp\/v2\/pages\/46\/revisions\/1266"}],"wp:attachment":[{"href":"https:\/\/sophiegraille.net\/index.php\/wp-json\/wp\/v2\/media?parent=46"}],"curies":[{"name":"wp","href":"https:\/\/api.w.org\/{rel}","templated":true}]}}

<figure class="wp-block-image size-full"><img loading="lazy" width="567" height="394" src="http://sophiegraille.net/wp-content/uploads/2021/10/image.jpeg" alt="" class="wp-image-1181" srcset="https://sophiegraille.net/wp-content/uploads/2021/10/image.jpeg 567w, https://sophiegraille.net/wp-content/uploads/2021/10/image-300x208.jpeg 300w" sizes="(max-width: 567px) 100vw, 567px" /></figure>



<p><strong>SOPHIE GRAILLE</strong><br>Née le 27 novembre 1967 à Choisy le Roi<br>Vit et travaille à Poindimié en Nouvelle Calédonie<br><br><strong>1985 – 88</strong><br>Beaux Arts – école de Nîmes<br>Étudie avec les artistes du groupe Support-Surface : Claude Vialat, Patrick Saytour, Vincent Bioulès, Tjeerd Alkema et Hervé Di Rosa.<br>Diplôme National d’Arts Plastiques (DNAP).<br></p>



<p><strong>1989</strong><br>Beaux Arts – école de Dijon<br>Rencontre avec Orlan.</p>



<p><strong>2010</strong></p>



<figure class="wp-block-image is-resized"><img loading="lazy" src="http://sophiegraille.net/wp-content/uploads/2018/12/expocase4.jpg" alt="" class="wp-image-103" width="200" height="282" srcset="https://sophiegraille.net/wp-content/uploads/2018/12/expocase4.jpg 250w, https://sophiegraille.net/wp-content/uploads/2018/12/expocase4-212x300.jpg 212w" sizes="(max-width: 200px) 100vw, 200px" /></figure>



<p>«&nbsp;Tout à l’heure : maintenant&nbsp;»<br>Projection de «&nbsp;Emotion-elle&nbsp;»<br>Exposition case 4 &#8211; Camp de la transportation &#8211; Saint Laurent du Maroni.<br></p>



<p><strong>2011</strong></p>



<figure class="wp-block-image is-resized"><img loading="lazy" src="http://sophiegraille.net/wp-content/uploads/2018/12/matricules.jpg" alt="" class="wp-image-108" width="200" height="282" srcset="https://sophiegraille.net/wp-content/uploads/2018/12/matricules.jpg 595w, https://sophiegraille.net/wp-content/uploads/2018/12/matricules-212x300.jpg 212w" sizes="(max-width: 200px) 100vw, 200px" /></figure>



<p>«&nbsp;Matricules&nbsp;»<br>Projection de «&nbsp;Matricules in situ&nbsp;» et de «&nbsp;Un jour…&nbsp;»<br>Exposition dans la salle de la relégation collective &#8211; Camp de la Transportation &#8211; Saint Laurent du Maroni.<br></p>



<p><strong>2012</strong></p>



<figure class="wp-block-image is-resized"><img loading="lazy" src="http://sophiegraille.net/wp-content/uploads/2018/12/ExpoFortDiamant.jpg" alt="" class="wp-image-146" width="200" height="270" srcset="https://sophiegraille.net/wp-content/uploads/2018/12/ExpoFortDiamant.jpg 557w, https://sophiegraille.net/wp-content/uploads/2018/12/ExpoFortDiamant-221x300.jpg 221w" sizes="(max-width: 200px) 100vw, 200px" /></figure>



<p>«&nbsp;Mythologies ordinaires&nbsp;»<br>Exposition collective avec Guillaume Legal et Jean-Marc Moreau<br>Fort Diamant &#8211; Rémire-Montjoly.</p>



<p><strong>2013</strong><br></p>



<figure class="wp-block-image is-resized"><img loading="lazy" src="http://sophiegraille.net/wp-content/uploads/2018/12/afficheholi.jpg" alt="" class="wp-image-102" width="200" height="283" srcset="https://sophiegraille.net/wp-content/uploads/2018/12/afficheholi.jpg 595w, https://sophiegraille.net/wp-content/uploads/2018/12/afficheholi-212x300.jpg 212w" sizes="(max-width: 200px) 100vw, 200px" /></figure>



<p>«&nbsp;Holi&nbsp;»<br>Exposition dans la salle de la relégation collective &#8211; Camp de la Transportation &#8211; Saint Laurent du Maroni.</p>



<p><strong>2014</strong><br></p>



<figure class="wp-block-image is-resized"><img loading="lazy" src="http://sophiegraille.net/wp-content/uploads/2018/12/foretcorresp.jpg" alt="" class="wp-image-150" width="200" height="266" srcset="https://sophiegraille.net/wp-content/uploads/2018/12/foretcorresp.jpg 336w, https://sophiegraille.net/wp-content/uploads/2018/12/foretcorresp-225x300.jpg 225w" sizes="(max-width: 200px) 100vw, 200px" /></figure>



<p>« Amazonia »<br>Exposition à La goélette &#8211; Village Balaté &#8211; Saint Laurent du Maroni.</p>



<p><strong>2017</strong> à <strong>2020</strong><br>Séjour de 4 ans sur l&rsquo;île de Wallis<br>Travail photos autour de l&rsquo;infiniment bleu et réalisation d&#8217;empreintes</p>



<p><strong>2020</strong><br>Exposition à Kyoto, Japon &#8211; annulée (Covid 19)</p>



<p></p>

<p>SOPHIE GRAILLENée le 27 novembre 1967 à Choisy le RoiVit et travaille à Poindimié en Nouvelle Calédonie 1985 – 88Beaux Arts – école de NîmesÉtudie avec les artistes du groupe Support-Surface : Claude Vialat, Patrick Saytour, Vincent Bioulès, Tjeerd Alkema et Hervé Di Rosa.Diplôme National d’Arts Plastiques (DNAP). 1989Beaux Arts – école de DijonRencontre avec [&hellip;]</p>
